late the highest common divisor of 5544550 and 374.
374
What is the greatest common divisor of 106007 and 14868634?
4609
Calculate the highest common factor of 6205 and 19386715.
85
What is the highest common factor of 13424 and 116080?
16
What is the highest common divisor of 352 and 65604?
44
Calculate the highest common factor of 108950 and 54.
2
Calculate the highest common factor of 10 and 4085498.
2
What is the highest common factor of 1517680 and 15536?
16
Calculate the highest common factor of 16 and 12202900.
4
What is the greatest common factor of 6744 and 445193358?
1686
Calculate the greatest common factor of 640 and 9054320.
80
What is the greatest common divisor of 54 and 11824569?
27
Calculate the greatest common divisor of 27329655 and 20145.
1185
What is the highest common divisor of 268 and 4435065?
67
Calculate the highest common factor of 1156142 and 291972.
1678
Calculate the greatest common divisor of 4163061 and 441.
21
Calculate the greatest common factor of 9207219 and 21.
21
What is the greatest common factor of 3728674 and 95?
19
Calculate the highest common divisor of 1365 and 389970.
105
What is the greatest common factor of 1920 and 235882560?
960
What is the greatest common divisor of 1816182 and 6345648?
1998
What is the highest common divisor of 415552 and 129344?
2752
What is the highest common factor of 9062 and 10271777?
4531
What is the highest common factor of 3889008 and 252?
36
What is the highest common divisor of 2485 and 213473570?
355
Calculate the greatest common divisor of 79545905 and 3958.
1979
What is the greatest common divisor of 86298926 and 14?
14
What is the highest common factor of 645253240 and 20?
20
What is the highest common factor of 7721489 and 3854?
1927
Calculate the highest common divisor of 118 and 29711987.
59
Calculate the highest common factor of 45 and 41184.
9
What is the highest common divisor of 32004 and 2349627?
2667
Calculate the highest common factor of 11 and 297456049.
11
Calculate the highest common factor of 1800762040 and 70.
70
Calculate the greatest common factor of 8845967 and 52.
13
What is the greatest common factor of 7 and 413699846?
7
What is the greatest common divisor of 2229 and 172907988?
2229
What is the greatest common divisor of 658 and 9098306?
14
Calculate the highest common divisor of 7380 and 1757016.
36
Calculate the highest common divisor of 252 and 100424898.
126
What is the highest common divisor of 2850 and 2866026?
6
Calculate the greatest common factor of 892178898 and 18512.
2314
What is the highest common factor of 4402 and 20617232?
62
What is the greatest common divisor of 42305082 and 10470?
2094
What is the highest common factor of 15888294 and 1089?
9
Calculate the greatest common divisor of 18748 and 277296.
436
What is the highest common factor of 110 and 391555?
5
Calculate the greatest common divisor of 213716 and 9194020.
2116
Calculate the greatest common divisor of 3104005 and 27719.
523
What is the greatest common factor of 25383250 and 250?
250
Calculate the highest common divisor of 21934765 and 3435.
1145
Calculate the greatest common factor of 51713353 and 16847.
991
What is the highest common divisor of 25357087 and 1808?
113
What is the greatest common factor of 21222 and 99306?
162
What is the highest common factor of 1491 and 1589051?
71
What is the highest common factor of 126 and 3116981?
7
Calculate the greatest common divisor of 291970 and 2706494.
1358
What is the greatest common divisor of 514318 and 28798?
238
What is the highest common divisor of 156015936 and 13056?
3264
Calculate the greatest common divisor of 506 and 20279600.
22
What is the greatest common divisor of 32632 and 4205449?
4079
What is the highest common divisor of 24372 and 27080?
2708
Calculate the highest common divisor of 62256754 and 98.
98
What is the greatest common divisor of 140 and 6935460?
140
Calculate the highest common factor of 382746884 and 8.
4
Calculate the highest common divisor of 45334030 and 30.
10
What is the greatest common divisor of 6139 and 215730599?
6139
What is the highest common factor of 3966372 and 7548?
204
Calculate the greatest common factor of 135485 and 26477885.
1715
Calculate the greatest common factor of 12502688 and 1320.
88
What is the highest common factor of 1122 and 7592676?
102
Calculate the greatest common divisor of 9236224 and 16550.
662
Calculate the highest common divisor of 625 and 82304375.
625
Calculate the greatest common divisor of 218718 and 1102.
58
What is the greatest common divisor of 153 and 31892?
17
What is the greatest common divisor of 90 and 4266855?
45
What is the highest common factor of 350778 and 342?
114
What is the greatest common factor of 3960 and 703340?
220
Calculate the highest common factor of 868 and 655664198.
434
Calculate the highest common factor of 159839558 and 92.
46
Calculate the highest common factor of 13141425 and 150.
75
Calculate the greatest common divisor of 194723855 and 159.
53
What is the greatest common factor of 19024652 and 2?
2
What is the highest common divisor of 134185083 and 10923?
993
What is the highest common divisor of 18228 and 205212?
588
What is the highest common divisor of 223139844 and 288?
36
What is the greatest common factor of 3808 and 89930?
34
What is the greatest common factor of 822338155 and 5?
5
Calculate the greatest common divisor of 5315896 and 86153.
853
Calculate the greatest common divisor of 42688 and 3074.
58
What is the greatest common divisor of 6198885 and 517770?
495
Calculate the greatest common divisor of 27137 and 826445.
2467
Calculate the greatest common factor of 339279862 and 74.
74
Calculate the greatest common divisor of 3348473 and 9333.
1037
What is the greatest common divisor of 19520132 and 1508?
116
What is the greatest common divisor of 20 and 59030?
10
Calculate the greatest common divisor of 10755458 and 68.
34
What is the highest common factor of 6798816 and 6708?
516
Calculate the greatest common divisor of 2345 and 767150.
335
Calculate the highest common factor of 18605 and 12506281.
3721
Calculate the greatest common divisor of 22380 and 1572941.
373
What is the greatest common factor of 28322816 and 540164?
6508
What is the highest common factor of 47804 and 6437390?
646
What is the highest common factor of 4483855934 and 23?
23
What is the greatest common divisor of 188910 and 81330?
30
What is the highest common factor of 76 and 12216145?
19
What is the greatest common factor of 18400 and 36041?
23
Calculate the greatest common divisor of 36686569 and 9693.
359
Calculate the greatest common factor of 408 and 10907336.
136
What is the greatest common divisor of 2448 and 15203151?
153
Calculate the greatest common divisor of 3038087 and 45135.
1003
What is the greatest common factor of 80180 and 13852?
4
What is the highest common divisor of 167092 and 78292?
148
Calculate the highest common factor of 2740630 and 130.
10
What is the greatest common factor of 429 and 6176664?
39
Calculate the highest common factor of 661860 and 135.
45
What is the highest common divisor of 861503949 and 9?
9
What is the greatest common factor of 29443764 and 36?
12
What is the greatest common divisor of 6911976 and 33408?
696
What is the greatest common divisor of 37 and 275699?
1
Calculate the greatest common divisor of 3726 and 119724798.
138
What is the highest common divisor of 14 and 892171518?
14
What is the greatest common factor of 140088 and 191256?
312
Calculate the greatest common divisor of 1980 and 1085766.
66
Calculate the highest common divisor of 135 and 118903095.
45
What is the highest common divisor of 1788705 and 1395?
45
What is the highest common factor of 1223167 and 13651?
187
What is the greatest common factor of 784560 and 2208?
48
What is the highest common divisor of 38799284 and 4308?
1436
Calculate the highest common factor of 38 and 737482.
2
Calculate the highest common divisor of 4069065 and 4095.
1365
What is the highest common divisor of 120422596 and 54407?
1327
What is the highest common divisor of 8905124 and 188?
4
Calculate the greatest common divisor of 469910 and 6302.
274
Calculate the greatest common divisor of 14 and 293825.
7
Calculate the greatest c